{"version":"1.0","provider_name":"Nesiller Genetic Center","provider_url":"https:\/\/nesiller.com\/fr\/","title":"Mois de sensibilisation au cancer du sein","type":"rich","width":600,"height":338,"html":"<blockquote class=\"wp-embedded-content\" data-secret=\"pA1yNoA70C\"><a href=\"https:\/\/nesiller.com\/fr\/event\/mois-de-sensibilisation-au-cancer-du-sein\/\">Mois de sensibilisation au cancer du sein<\/a><\/blockquote><iframe sandbox=\"allow-scripts\" security=\"restricted\" src=\"https:\/\/nesiller.com\/fr\/event\/mois-de-sensibilisation-au-cancer-du-sein\/embed\/#?secret=pA1yNoA70C\" width=\"600\" height=\"338\" title=\"\u00ab\u00a0Mois de sensibilisation au cancer du sein\u00a0\u00bb &#8212; Nesiller Genetic Center\" data-secret=\"pA1yNoA70C\" frameborder=\"0\" marginwidth=\"0\" marginheight=\"0\" scrolling=\"no\" class=\"wp-embedded-content\"><\/iframe><script type=\"text\/javascript\">\n\/* <![CDATA[ *\/\n\/*! This file is auto-generated *\/\n!function(d,l){\"use strict\";l.querySelector&&d.addEventListener&&\"undefined\"!=typeof URL&&(d.wp=d.wp||{},d.wp.receiveEmbedMessage||(d.wp.receiveEmbedMessage=function(e){var t=e.data;if((t||t.secret||t.message||t.value)&&!\/[^a-zA-Z0-9]\/.test(t.secret)){for(var s,r,n,a=l.querySelectorAll('iframe[data-secret=\"'+t.secret+'\"]'),o=l.querySelectorAll('blockquote[data-secret=\"'+t.secret+'\"]'),c=new RegExp(\"^https?:$\",\"i\"),i=0;i<o.length;i++)o[i].style.display=\"none\";for(i=0;i<a.length;i++)s=a[i],e.source===s.contentWindow&&(s.removeAttribute(\"style\"),\"height\"===t.message?(1e3<(r=parseInt(t.value,10))?r=1e3:~~r<200&&(r=200),s.height=r):\"link\"===t.message&&(r=new URL(s.getAttribute(\"src\")),n=new URL(t.value),c.test(n.protocol))&&n.host===r.host&&l.activeElement===s&&(d.top.location.href=t.value))}},d.addEventListener(\"message\",d.wp.receiveEmbedMessage,!1),l.addEventListener(\"DOMContentLoaded\",function(){for(var e,t,s=l.querySelectorAll(\"iframe.wp-embedded-content\"),r=0;r<s.length;r++)(t=(e=s[r]).getAttribute(\"data-secret\"))||(t=Math.random().toString(36).substring(2,12),e.src+=\"#?secret=\"+t,e.setAttribute(\"data-secret\",t)),e.contentWindow.postMessage({message:\"ready\",secret:t},\"*\")},!1)))}(window,document);\n\/* ]]> *\/\n<\/script>\n","thumbnail_url":"https:\/\/nesiller.com\/wp-content\/uploads\/2024\/10\/close-up-person-holding-up-pink-white-ribbon.jpg","thumbnail_width":1024,"thumbnail_height":768,"description":"En octobre, mois de sensibilisation au cancer du sein, Nesiller Genetik a men\u00e9 cette ann\u00e9e des activit\u00e9s de sensibilisation, en particulier sur la dimension g\u00e9n\u00e9tique du cancer du sein et sur la mani\u00e8re dont nous pouvons tirer parti de la science g\u00e9n\u00e9tique pour lutter plus efficacement contre le cancer du sein. Le Dr G\u00fclay \u00d6zg\u00f6n [&hellip;]"}

En octobre, mois de sensibilisation au cancer du sein, Nesiller Genetik a mené cette année des activités de sensibilisation, en particulier sur la dimension génétique du cancer du sein et sur la manière dont nous pouvons tirer parti de la science génétique pour lutter plus efficacement contre le cancer du sein. Le Dr Gülay Özgön [&hellip;]
