{"id":32412,"date":"2024-05-02T10:34:00","date_gmt":"2024-05-02T07:34:00","guid":{"rendered":"https:\/\/nesiller.com\/event\/2-treffen-zum-familiaeren-mittelmeerfieber\/"},"modified":"2024-05-02T10:37:02","modified_gmt":"2024-05-02T07:37:02","slug":"2-treffen-zum-familiaeren-mittelmeerfieber","status":"publish","type":"event_listing","link":"https:\/\/nesiller.com\/de\/event\/2-treffen-zum-familiaeren-mittelmeerfieber\/","title":{"rendered":"2. Treffen zum Famili\u00e4ren Mittelmeerfieber"},"content":{"rendered":"<p class=\"x_MsoNormal\">Prof. Dr. G\u00fclay \u00d6zg\u00f6n wird als Sitzungsvorsitzende des Panels mit dem Titel \u201eTransition\u201c am \u201e2nd Familial Mediterranean Fever Meeting\u201c teilnehmen, das vom 3. bis 5. Mai 2024 im HAL\u0130\u00c7 Congress Center in Istanbul stattfinden wird.<\/p>\n<p><a href=\"https:\/\/fmf2024.org\/\">www.FMF2024.org<\/a><\/p>\n<p><img fetchpriority=\"high\" decoding=\"async\" class=\"aligncenter size-full wp-image-32397\" src=\"https:\/\/nesiller.com\/wp-content\/uploads\/2024\/05\/fmf2024-scaled.jpg\" alt=\"\" width=\"1846\" height=\"2560\" srcset=\"https:\/\/nesiller.com\/wp-content\/uploads\/2024\/05\/fmf2024-scaled.jpg 1846w, https:\/\/nesiller.com\/wp-content\/uploads\/2024\/05\/fmf2024-216x300.jpg 216w, https:\/\/nesiller.com\/wp-content\/uploads\/2024\/05\/fmf2024-738x1024.jpg 738w, https:\/\/nesiller.com\/wp-content\/uploads\/2024\/05\/fmf2024-768x1065.jpg 768w, https:\/\/nesiller.com\/wp-content\/uploads\/2024\/05\/fmf2024-1107x1536.jpg 1107w, https:\/\/nesiller.com\/wp-content\/uploads\/2024\/05\/fmf2024-1476x2048.jpg 1476w\" sizes=\"(max-width: 1846px) 100vw, 1846px\" \/><\/p>\n<p>\u00a0<\/p>\n<a href=\"https:\/\/nesiller.com\/wp-content\/uploads\/2024\/05\/gulay-ozgon.pdf\" class=\"pdfemb-viewer\" style=\"\" data-width=\"max\" data-height=\"max\" data-mobile-width=\"500\"  data-scrollbar=\"vertical\" data-download=\"on\" data-tracking=\"on\" data-newwindow=\"on\" data-pagetextbox=\"off\" data-scrolltotop=\"off\" data-startzoom=\"100\" data-startfpzoom=\"100\" data-toolbar=\"top\" data-toolbar-fixed=\"off\">gulay-ozgon<br\/><\/a>\n<p>\u00a0<\/p>\n<p>\u00a0<\/p>\n","protected":false},"featured_media":32394,"template":"","meta":{"_monsterinsights_skip_tracking":false,"_monsterinsights_sitenote_active":false,"_monsterinsights_sitenote_note":"","_monsterinsights_sitenote_category":0},"class_list":["post-32412","event_listing","type-event_listing","status-publish","has-post-thumbnail","hentry"],"acf":[],"yoast_head":"<!-- This site is optimized with the Yoast SEO Premium plugin v26.2 (Yoast SEO v27.5) - https:\/\/yoast.com\/product\/yoast-seo-premium-wordpress\/ -->\n<title>2. Treffen zum Famili\u00e4ren Mittelmeerfieber - Nesiller Genetic Center<\/title>\n<meta name=\"robots\" content=\"index, follow, max-snippet:-1, max-image-preview:large, max-video-preview:-1\" \/>\n<link rel=\"canonical\" href=\"https:\/\/nesiller.com\/de\/event\/2-treffen-zum-familiaeren-mittelmeerfieber\/\" \/>\n<meta property=\"og:locale\" content=\"de_DE\" \/>\n<meta property=\"og:type\" content=\"article\" \/>\n<meta property=\"og:title\" content=\"2. Treffen zum Famili\u00e4ren Mittelmeerfieber\" \/>\n<meta property=\"og:description\" content=\"Prof. Dr. G\u00fclay \u00d6zg\u00f6n wird als Sitzungsvorsitzende des Panels mit dem Titel \u201eTransition\u201c am \u201e2nd Familial Mediterranean Fever Meeting\u201c teilnehmen, das vom 3. bis 5. Mai 2024 im HAL\u0130\u00c7 Congress Center in Istanbul stattfinden wird. www.FMF2024.org \u00a0 \u00a0 \u00a0\" \/>\n<meta property=\"og:url\" content=\"https:\/\/nesiller.com\/de\/event\/2-treffen-zum-familiaeren-mittelmeerfieber\/\" \/>\n<meta property=\"og:site_name\" content=\"Nesiller Genetic Center\" \/>\n<meta property=\"article:publisher\" content=\"https:\/\/www.facebook.com\/NesillerGenetik\" \/>\n<meta property=\"article:modified_time\" content=\"2024-05-02T07:37:02+00:00\" \/>\n<meta property=\"og:image\" content=\"https:\/\/nesiller.com\/wp-content\/uploads\/2024\/05\/FMF.jpg\" \/>\n\t<meta property=\"og:image:width\" content=\"700\" \/>\n\t<meta property=\"og:image:height\" content=\"519\" \/>\n\t<meta property=\"og:image:type\" content=\"image\/jpeg\" \/>\n<meta name=\"twitter:card\" content=\"summary_large_image\" \/>\n<meta name=\"twitter:site\" content=\"@NesillerGenetik\" \/>\n<script type=\"application\/ld+json\" class=\"yoast-schema-graph\">{\"@context\":\"https:\\\/\\\/schema.org\",\"@graph\":[{\"@type\":\"WebPage\",\"@id\":\"https:\\\/\\\/nesiller.com\\\/de\\\/event\\\/2-treffen-zum-familiaeren-mittelmeerfieber\\\/\",\"url\":\"https:\\\/\\\/nesiller.com\\\/de\\\/event\\\/2-treffen-zum-familiaeren-mittelmeerfieber\\\/\",\"name\":\"2. Treffen zum Famili\u00e4ren Mittelmeerfieber - Nesiller Genetic Center\",\"isPartOf\":{\"@id\":\"https:\\\/\\\/nesiller.com\\\/de\\\/#website\"},\"primaryImageOfPage\":{\"@id\":\"https:\\\/\\\/nesiller.com\\\/de\\\/event\\\/2-treffen-zum-familiaeren-mittelmeerfieber\\\/#primaryimage\"},\"image\":{\"@id\":\"https:\\\/\\\/nesiller.com\\\/de\\\/event\\\/2-treffen-zum-familiaeren-mittelmeerfieber\\\/#primaryimage\"},\"thumbnailUrl\":\"https:\\\/\\\/nesiller.com\\\/wp-content\\\/uploads\\\/2024\\\/05\\\/FMF.jpg\",\"datePublished\":\"2024-05-02T07:34:00+00:00\",\"dateModified\":\"2024-05-02T07:37:02+00:00\",\"breadcrumb\":{\"@id\":\"https:\\\/\\\/nesiller.com\\\/de\\\/event\\\/2-treffen-zum-familiaeren-mittelmeerfieber\\\/#breadcrumb\"},\"inLanguage\":\"de\",\"potentialAction\":[{\"@type\":\"ReadAction\",\"target\":[\"https:\\\/\\\/nesiller.com\\\/de\\\/event\\\/2-treffen-zum-familiaeren-mittelmeerfieber\\\/\"]}]},{\"@type\":\"ImageObject\",\"inLanguage\":\"de\",\"@id\":\"https:\\\/\\\/nesiller.com\\\/de\\\/event\\\/2-treffen-zum-familiaeren-mittelmeerfieber\\\/#primaryimage\",\"url\":\"https:\\\/\\\/nesiller.com\\\/wp-content\\\/uploads\\\/2024\\\/05\\\/FMF.jpg\",\"contentUrl\":\"https:\\\/\\\/nesiller.com\\\/wp-content\\\/uploads\\\/2024\\\/05\\\/FMF.jpg\",\"width\":700,\"height\":519,\"caption\":\"2. Ailesel Akdeniz Ate\u015fi Toplant\u0131s\u0131\"},{\"@type\":\"BreadcrumbList\",\"@id\":\"https:\\\/\\\/nesiller.com\\\/de\\\/event\\\/2-treffen-zum-familiaeren-mittelmeerfieber\\\/#breadcrumb\",\"itemListElement\":[{\"@type\":\"ListItem\",\"position\":1,\"name\":\"Home\",\"item\":\"https:\\\/\\\/nesiller.com\\\/de\\\/startseite-2\\\/\"},{\"@type\":\"ListItem\",\"position\":2,\"name\":\"2. Treffen zum Famili\u00e4ren Mittelmeerfieber\"}]},{\"@type\":\"WebSite\",\"@id\":\"https:\\\/\\\/nesiller.com\\\/de\\\/#website\",\"url\":\"https:\\\/\\\/nesiller.com\\\/de\\\/\",\"name\":\"Nesiller Genetik\",\"description\":\"Nesiller, the name of genetic expertise in Istanbul\",\"publisher\":{\"@id\":\"https:\\\/\\\/nesiller.com\\\/de\\\/#organization\"},\"potentialAction\":[{\"@type\":\"SearchAction\",\"target\":{\"@type\":\"EntryPoint\",\"urlTemplate\":\"https:\\\/\\\/nesiller.com\\\/de\\\/?s={search_term_string}\"},\"query-input\":{\"@type\":\"PropertyValueSpecification\",\"valueRequired\":true,\"valueName\":\"search_term_string\"}}],\"inLanguage\":\"de\"},{\"@type\":\"Organization\",\"@id\":\"https:\\\/\\\/nesiller.com\\\/de\\\/#organization\",\"name\":\"Nesiller Genetik\",\"url\":\"https:\\\/\\\/nesiller.com\\\/de\\\/\",\"logo\":{\"@type\":\"ImageObject\",\"inLanguage\":\"de\",\"@id\":\"https:\\\/\\\/nesiller.com\\\/de\\\/#\\\/schema\\\/logo\\\/image\\\/\",\"url\":\"https:\\\/\\\/nesiller.com\\\/wp-content\\\/uploads\\\/2023\\\/04\\\/nesiller-logo.jpg\",\"contentUrl\":\"https:\\\/\\\/nesiller.com\\\/wp-content\\\/uploads\\\/2023\\\/04\\\/nesiller-logo.jpg\",\"width\":1000,\"height\":700,\"caption\":\"Nesiller Genetik\"},\"image\":{\"@id\":\"https:\\\/\\\/nesiller.com\\\/de\\\/#\\\/schema\\\/logo\\\/image\\\/\"},\"sameAs\":[\"https:\\\/\\\/www.facebook.com\\\/NesillerGenetik\",\"https:\\\/\\\/x.com\\\/NesillerGenetik\"]}]}<\/script>\n<!-- \/ Yoast SEO Premium plugin. -->","yoast_head_json":{"title":"2. Treffen zum Famili\u00e4ren Mittelmeerfieber - Nesiller Genetic Center","robots":{"index":"index","follow":"follow","max-snippet":"max-snippet:-1","max-image-preview":"max-image-preview:large","max-video-preview":"max-video-preview:-1"},"canonical":"https:\/\/nesiller.com\/de\/event\/2-treffen-zum-familiaeren-mittelmeerfieber\/","og_locale":"de_DE","og_type":"article","og_title":"2. Treffen zum Famili\u00e4ren Mittelmeerfieber","og_description":"Prof. Dr. G\u00fclay \u00d6zg\u00f6n wird als Sitzungsvorsitzende des Panels mit dem Titel \u201eTransition\u201c am \u201e2nd Familial Mediterranean Fever Meeting\u201c teilnehmen, das vom 3. bis 5. Mai 2024 im HAL\u0130\u00c7 Congress Center in Istanbul stattfinden wird. www.FMF2024.org \u00a0 \u00a0 \u00a0","og_url":"https:\/\/nesiller.com\/de\/event\/2-treffen-zum-familiaeren-mittelmeerfieber\/","og_site_name":"Nesiller Genetic Center","article_publisher":"https:\/\/www.facebook.com\/NesillerGenetik","article_modified_time":"2024-05-02T07:37:02+00:00","og_image":[{"width":700,"height":519,"url":"https:\/\/nesiller.com\/wp-content\/uploads\/2024\/05\/FMF.jpg","type":"image\/jpeg"}],"twitter_card":"summary_large_image","twitter_site":"@NesillerGenetik","schema":{"@context":"https:\/\/schema.org","@graph":[{"@type":"WebPage","@id":"https:\/\/nesiller.com\/de\/event\/2-treffen-zum-familiaeren-mittelmeerfieber\/","url":"https:\/\/nesiller.com\/de\/event\/2-treffen-zum-familiaeren-mittelmeerfieber\/","name":"2. Treffen zum Famili\u00e4ren Mittelmeerfieber - Nesiller Genetic Center","isPartOf":{"@id":"https:\/\/nesiller.com\/de\/#website"},"primaryImageOfPage":{"@id":"https:\/\/nesiller.com\/de\/event\/2-treffen-zum-familiaeren-mittelmeerfieber\/#primaryimage"},"image":{"@id":"https:\/\/nesiller.com\/de\/event\/2-treffen-zum-familiaeren-mittelmeerfieber\/#primaryimage"},"thumbnailUrl":"https:\/\/nesiller.com\/wp-content\/uploads\/2024\/05\/FMF.jpg","datePublished":"2024-05-02T07:34:00+00:00","dateModified":"2024-05-02T07:37:02+00:00","breadcrumb":{"@id":"https:\/\/nesiller.com\/de\/event\/2-treffen-zum-familiaeren-mittelmeerfieber\/#breadcrumb"},"inLanguage":"de","potentialAction":[{"@type":"ReadAction","target":["https:\/\/nesiller.com\/de\/event\/2-treffen-zum-familiaeren-mittelmeerfieber\/"]}]},{"@type":"ImageObject","inLanguage":"de","@id":"https:\/\/nesiller.com\/de\/event\/2-treffen-zum-familiaeren-mittelmeerfieber\/#primaryimage","url":"https:\/\/nesiller.com\/wp-content\/uploads\/2024\/05\/FMF.jpg","contentUrl":"https:\/\/nesiller.com\/wp-content\/uploads\/2024\/05\/FMF.jpg","width":700,"height":519,"caption":"2. Ailesel Akdeniz Ate\u015fi Toplant\u0131s\u0131"},{"@type":"BreadcrumbList","@id":"https:\/\/nesiller.com\/de\/event\/2-treffen-zum-familiaeren-mittelmeerfieber\/#breadcrumb","itemListElement":[{"@type":"ListItem","position":1,"name":"Home","item":"https:\/\/nesiller.com\/de\/startseite-2\/"},{"@type":"ListItem","position":2,"name":"2. Treffen zum Famili\u00e4ren Mittelmeerfieber"}]},{"@type":"WebSite","@id":"https:\/\/nesiller.com\/de\/#website","url":"https:\/\/nesiller.com\/de\/","name":"Nesiller Genetik","description":"Nesiller, the name of genetic expertise in Istanbul","publisher":{"@id":"https:\/\/nesiller.com\/de\/#organization"},"potentialAction":[{"@type":"SearchAction","target":{"@type":"EntryPoint","urlTemplate":"https:\/\/nesiller.com\/de\/?s={search_term_string}"},"query-input":{"@type":"PropertyValueSpecification","valueRequired":true,"valueName":"search_term_string"}}],"inLanguage":"de"},{"@type":"Organization","@id":"https:\/\/nesiller.com\/de\/#organization","name":"Nesiller Genetik","url":"https:\/\/nesiller.com\/de\/","logo":{"@type":"ImageObject","inLanguage":"de","@id":"https:\/\/nesiller.com\/de\/#\/schema\/logo\/image\/","url":"https:\/\/nesiller.com\/wp-content\/uploads\/2023\/04\/nesiller-logo.jpg","contentUrl":"https:\/\/nesiller.com\/wp-content\/uploads\/2023\/04\/nesiller-logo.jpg","width":1000,"height":700,"caption":"Nesiller Genetik"},"image":{"@id":"https:\/\/nesiller.com\/de\/#\/schema\/logo\/image\/"},"sameAs":["https:\/\/www.facebook.com\/NesillerGenetik","https:\/\/x.com\/NesillerGenetik"]}]}},"_links":{"self":[{"href":"https:\/\/nesiller.com\/de\/wp-json\/wp\/v2\/event_listing\/32412","targetHints":{"allow":["GET"]}}],"collection":[{"href":"https:\/\/nesiller.com\/de\/wp-json\/wp\/v2\/event_listing"}],"about":[{"href":"https:\/\/nesiller.com\/de\/wp-json\/wp\/v2\/types\/event_listing"}],"wp:featuredmedia":[{"embeddable":true,"href":"https:\/\/nesiller.com\/de\/wp-json\/wp\/v2\/media\/32394"}],"wp:attachment":[{"href":"https:\/\/nesiller.com\/de\/wp-json\/wp\/v2\/media?parent=32412"}],"curies":[{"name":"wp","href":"https:\/\/api.w.org\/{rel}","templated":true}]}}

2. Treffen zum Familiären Mittelmeerfieber

<p class="x_MsoNormal">Prof. Dr. Gülay Özgön wird als Sitzungsvorsitzende des Panels mit dem Titel „Transition“ am „2nd Familial Mediterranean Fever Meeting“ teilnehmen, das vom 3. bis 5. Mai 2024 im HALİÇ Congress Center in Istanbul stattfinden wird.</p>
<p><a href="https://fmf2024.org/">www.FMF2024.org</a></p>
<p><img fetchpriority="high" decoding="async" class="aligncenter size-full wp-image-32397" src="https://nesiller.com/wp-content/uploads/2024/05/fmf2024-scaled.jpg" alt="" width="1846" height="2560" srcset="https://nesiller.com/wp-content/uploads/2024/05/fmf2024-scaled.jpg 1846w, https://nesiller.com/wp-content/uploads/2024/05/fmf2024-216x300.jpg 216w, https://nesiller.com/wp-content/uploads/2024/05/fmf2024-738x1024.jpg 738w, https://nesiller.com/wp-content/uploads/2024/05/fmf2024-768x1065.jpg 768w, https://nesiller.com/wp-content/uploads/2024/05/fmf2024-1107x1536.jpg 1107w, https://nesiller.com/wp-content/uploads/2024/05/fmf2024-1476x2048.jpg 1476w" sizes="(max-width: 1846px) 100vw, 1846px" /></p>
<p> </p>
<a href="https://nesiller.com/wp-content/uploads/2024/05/gulay-ozgon.pdf" class="pdfemb-viewer" style="" data-width="max" data-height="max" data-mobile-width="500"  data-scrollbar="vertical" data-download="on" data-tracking="on" data-newwindow="on" data-pagetextbox="off" data-scrolltotop="off" data-startzoom="100" data-startfpzoom="100" data-toolbar="top" data-toolbar-fixed="off">gulay-ozgon<br/></a>
<p> </p>
<p> </p>

<!-- This site is optimized with the Yoast SEO Premium plugin v26.2 (Yoast SEO v27.5) - https://yoast.com/product/yoast-seo-premium-wordpress/ -->
<title>2. Treffen zum Familiären Mittelmeerfieber - Nesiller Genetic Center</title>
<meta name="robots" content="index, follow, max-snippet:-1, max-image-preview:large, max-video-preview:-1" />
<link rel="canonical" href="https://nesiller.com/de/event/2-treffen-zum-familiaeren-mittelmeerfieber/" />
<meta property="og:locale" content="de_DE" />
<meta property="og:type" content="article" />
<meta property="og:title" content="2. Treffen zum Familiären Mittelmeerfieber" />
<meta property="og:description" content="Prof. Dr. Gülay Özgön wird als Sitzungsvorsitzende des Panels mit dem Titel „Transition“ am „2nd Familial Mediterranean Fever Meeting“ teilnehmen, das vom 3. bis 5. Mai 2024 im HALİÇ Congress Center in Istanbul stattfinden wird. www.FMF2024.org      " />
<meta property="og:url" content="https://nesiller.com/de/event/2-treffen-zum-familiaeren-mittelmeerfieber/" />
<meta property="og:site_name" content="Nesiller Genetic Center" />
<meta property="article:publisher" content="https://www.facebook.com/NesillerGenetik" />
<meta property="article:modified_time" content="2024-05-02T07:37:02+00:00" />
<meta property="og:image" content="https://nesiller.com/wp-content/uploads/2024/05/FMF.jpg" />
	<meta property="og:image:width" content="700" />
	<meta property="og:image:height" content="519" />
	<meta property="og:image:type" content="image/jpeg" />
<meta name="twitter:card" content="summary_large_image" />
<meta name="twitter:site" content="@NesillerGenetik" />
<script type="application/ld+json" class="yoast-schema-graph">{"@context":"https:\/\/schema.org","@graph":[{"@type":"WebPage","@id":"https:\/\/nesiller.com\/de\/event\/2-treffen-zum-familiaeren-mittelmeerfieber\/","url":"https:\/\/nesiller.com\/de\/event\/2-treffen-zum-familiaeren-mittelmeerfieber\/","name":"2. Treffen zum Familiären Mittelmeerfieber - Nesiller Genetic Center","isPartOf":{"@id":"https:\/\/nesiller.com\/de\/#website"},"primaryImageOfPage":{"@id":"https:\/\/nesiller.com\/de\/event\/2-treffen-zum-familiaeren-mittelmeerfieber\/#primaryimage"},"image":{"@id":"https:\/\/nesiller.com\/de\/event\/2-treffen-zum-familiaeren-mittelmeerfieber\/#primaryimage"},"thumbnailUrl":"https:\/\/nesiller.com\/wp-content\/uploads\/2024\/05\/FMF.jpg","datePublished":"2024-05-02T07:34:00+00:00","dateModified":"2024-05-02T07:37:02+00:00","breadcrumb":{"@id":"https:\/\/nesiller.com\/de\/event\/2-treffen-zum-familiaeren-mittelmeerfieber\/#breadcrumb"},"inLanguage":"de","potentialAction":[{"@type":"ReadAction","target":["https:\/\/nesiller.com\/de\/event\/2-treffen-zum-familiaeren-mittelmeerfieber\/"]}]},{"@type":"ImageObject","inLanguage":"de","@id":"https:\/\/nesiller.com\/de\/event\/2-treffen-zum-familiaeren-mittelmeerfieber\/#primaryimage","url":"https:\/\/nesiller.com\/wp-content\/uploads\/2024\/05\/FMF.jpg","contentUrl":"https:\/\/nesiller.com\/wp-content\/uploads\/2024\/05\/FMF.jpg","width":700,"height":519,"caption":"2. Ailesel Akdeniz Ateşi Toplantısı"},{"@type":"BreadcrumbList","@id":"https:\/\/nesiller.com\/de\/event\/2-treffen-zum-familiaeren-mittelmeerfieber\/#breadcrumb","itemListElement":[{"@type":"ListItem","position":1,"name":"Home","item":"https:\/\/nesiller.com\/de\/startseite-2\/"},{"@type":"ListItem","position":2,"name":"2. Treffen zum Familiären Mittelmeerfieber"}]},{"@type":"WebSite","@id":"https:\/\/nesiller.com\/de\/#website","url":"https:\/\/nesiller.com\/de\/","name":"Nesiller Genetik","description":"Nesiller, the name of genetic expertise in Istanbul","publisher":{"@id":"https:\/\/nesiller.com\/de\/#organization"},"potentialAction":[{"@type":"SearchAction","target":{"@type":"EntryPoint","urlTemplate":"https:\/\/nesiller.com\/de\/?s={search_term_string}"},"query-input":{"@type":"PropertyValueSpecification","valueRequired":true,"valueName":"search_term_string"}}],"inLanguage":"de"},{"@type":"Organization","@id":"https:\/\/nesiller.com\/de\/#organization","name":"Nesiller Genetik","url":"https:\/\/nesiller.com\/de\/","logo":{"@type":"ImageObject","inLanguage":"de","@id":"https:\/\/nesiller.com\/de\/#\/schema\/logo\/image\/","url":"https:\/\/nesiller.com\/wp-content\/uploads\/2023\/04\/nesiller-logo.jpg","contentUrl":"https:\/\/nesiller.com\/wp-content\/uploads\/2023\/04\/nesiller-logo.jpg","width":1000,"height":700,"caption":"Nesiller Genetik"},"image":{"@id":"https:\/\/nesiller.com\/de\/#\/schema\/logo\/image\/"},"sameAs":["https:\/\/www.facebook.com\/NesillerGenetik","https:\/\/x.com\/NesillerGenetik"]}]}</script>
<!-- / Yoast SEO Premium plugin. -->

2. Treffen zum Familiären Mittelmeerfieber - Nesiller Genetic Center

Prof. Dr. Gülay Özgön wird als Sitzungsvorsitzende des Panels mit dem Titel „Transition“ am „2nd Familial Mediterranean Fever Meeting“ teilnehmen, das vom 3. bis 5. Mai 2024 im HALİÇ Congress Center in Istanbul stattfinden wird. www.FMF2024.org

2. Ailesel Akdeniz Ateşi Toplantısı
